o base 13
-7ba
What is 471 (base 14) in base 9?
1181
What is 17666 (base 9) in base 16?
2fb2
137770 (base 8) to base 2
1011111111111000
Convert 546 (base 16) to base 12.
946
What is 111044 (base 5) in base 8?
7473
What is 1823 (base 12) in base 4?
231123
-123211 (base 5) to base 9
-6530
Convert -20521 (base 6) to base 13.
-1363
Convert -13420 (base 7) to base 10.
-3640
What is 44b (base 13) in base 6?
3231
Convert 11120021 (base 3) to base 12.
1b14
Convert -13ca (base 16) to base 3.
-20221122
-41302 (base 6) to base 11
-415a
-1001110011011 (base 2) to base 7
-20430
7691 (base 11) to base 4
2132133
What is a (base 12) in base 11?
a
What is -10bc (base 13) in base 15?
-a6c
Convert -33184 (base 9) to base 12.
-108b7
Convert -101011111000001 (base 2) to base 5.
-1204330
What is -b28 (base 16) in base 8?
-5450
What is 17727 (base 11) in base 8?
60402
What is -11121 (base 3) in base 7?
-235
bc (base 16) to base 10
188
-1978 (base 10) to base 16
-7ba
Convert -1121000 (base 3) to base 10.
-1161
b2 (base 16) to base 3
20121
What is 2533 (base 6) in base 15?
2c3
What is 51230 (base 6) in base 10?
6786
-11a36 (base 16) to base 9
-120083
605 (base 15) to base 11
1022
3252 (base 10) to base 9
4413
What is 20014 (base 5) in base 7?
3446
-6a3 (base 16) to base 10
-1699
-4256 (base 16) to base 11
-11839
11223 (base 4) to base 13
21c
Convert 344 (base 10) to base 14.
1a8
What is -11201 (base 6) in base 4?
-120301
Convert 832 (base 16) to base 13.
c55
Convert -14440 (base 6) to base 10.
-2328
Convert -10223 (base 4) to base 15.
-14e
-340 (base 9) to base 5
-2104
Convert 42453 (base 6) to base 13.
2838
Convert -111110 (base 3) to base 8.
-553
Convert 5d4 (base 16) to base 12.
a44
What is -110111110010 (base 2) in base 4?
-313302
Convert 67567 (base 8) to base 2.
110111101110111
Convert 20130 (base 4) to base 10.
540
What is -d9 (base 14) in base 2?
-10111111
What is -10101010 (base 2) in base 7?
-332
-10001101111 (base 2) to base 5
-14020
-200 (base 3) to base 9
-20
What is 40032 (base 7) in base 12?
56a3
Convert -7201 (base 10) to base 16.
-1c21
-a78 (base 11) to base 13
-788
Convert 1055 (base 11) to base 15.
62b
What is 762 (base 13) in base 3?
1201210
What is -220110221 (base 3) in base 10?
-17845
-1220211 (base 3) to base 16
-577
Convert -1233 (base 4) to base 7.
-216
-24b4 (base 15) to base 6
-100111
-101023212 (base 4) to base 11
-48967
What is -28 (base 11) in base 9?
-33
Convert 108 (base 12) to base 15.
a2
What is -5076 (base 11) in base 3?
-100020120
68b (base 12) to base 15
44b
What is -271e (base 15) in base 14?
-308a
What is 11212 (base 6) in base 13?
956
Convert -1030 (base 8) to base 12.
-388
What is 259 (base 12) in base 5?
2412
What is -174 (base 9) in base 6?
-404
Convert -6350 (base 7) to base 3.
-10001222
6 (base 7) to base 9
6
Convert -2282 (base 14) to base 16.
-176a
What is -a18 (base 13) in base 4?
-122233
What is 5d (base 15) in base 13?
6a
Convert -11b0 (base 14) to base 13.
-1540
What is -12bd5 (base 14) in base 9?
-70385
22111 (base 3) to base 7
445
What is -10754 (base 8) in base 7?
-16243
-301 (base 11) to base 3
-111111
What is 2601 (base 8) in base 13?
845
Convert 4a6 (base 14) to base 13.
567
2545 (base 7) to base 6
4244
What is 3143 (base 11) in base 13?
1b81
-e776 (base 15) to base 7
-262446
Convert -1350 (base 12) to base 8.
-4254
What is 44223 (base 8) in base 11?
12a60
What is -11030 (base 4) in base 7?
-653
-2989 (base 12) to base 3
-20122220
Convert -14761 (base 8) to base 13.
-303b
Convert -44430 (base 7) to base 11.
-8456
Convert 123 (base 8) to base 11.
76
What is -2020 (base 7) in base 12?
-4a4
What is -5058 (base 10) in base 5?
-130213
Convert 23620 (base 7) to base 8.
13773
Convert 33525 (base 7) to base 16.
2130
Convert 113131 (base 5) to base 8.
10106
-410 (base 10) to base 8
-632
635 (base 12) to base 14
489
What is -516 (base 12) in base 13?
-44a
Convert -e605 (base 15) to base 9.
-73605
Convert -819 (base 10) to base 13.
-4b0
Convert -135 (base 6) to base 15.
-3e
What is 28ba (base 15) in base 5?
234400
5538 (base 16) to base 11
15433
-23187 (base 13) to base 16
-f9f9
What is 110001111110100 (base 2) in base 6?
314244
Convert -13230 (base 4) to base 2.
-111101100
What is -2050 (base 8) in base 14?
-560
What is 2378 (base 12) in base 4?
332030
Convert -2100 (base 4) to base 10.
-144
727 (base 12) to base 15
494
What is -5112 (base 6) in base 2?
-10001100100
What is -276 (base 10) in base 9?
-336
What is -138 (base 13) in base 9?
-260
What is 2b63 (base 15) in base 14?
3578
What is 3541 (base 7) in base 2?
10100010111
What is 48a (base 12) in base 14?
36a
533 (base 14) to base 7
2663
Convert 20546 (base 7) to base 3.
20222012
4140 (base 5) to base 8
1041
991 (base 15) to base 12
1301
What is -20132 (base 4) in base 6?
-2302
What is -8830 (base 12) in base 3?
-202121000
1301111 (base 4) to base 3
100221122
What is 5266 (base 11) in base 2?
1101100111001
What is 11b6 (base 15) in base 12?
2223
What is 31102331 (base 4) in base 6?
1100045
Convert -13547 (base 15) to base 4.
-33013312
What is 1200120100 (base 3) in base 9?
50510
What is -27a02 (base 12) in base 3?
-2210110102
What is 1003 (base 5) in base 15?
88
What is -12001000 (base 3) in base 14?
-14a4
Convert 100111100100 (base 2) to base 16.
9e4
What is 21120321 (base 4) in base 6?
454013
-352641 (base 7) to base 2
-1111011111001011
What is -43035 (base 6) in base 2?
-1011011011111
Convert -24031 (base 6) to base 3.
-11202201
Convert -24a (base 11) to base 2.
-100101000
41622 (base 8) to base 3
212201200
What is -5a21 (base 14) in base 9?
-23484
Convert 2501 (base 13) to base 9.
7162
What is -10011110000 (base 2) in base 3?
-1201211
864 (base 14) to base 3
2021100
Convert 2e4 (base 15) to base 9.
817
What is -10149 (base 13) in base 11?
-1a6a4
What is 1ac (base 16) in base 7?
1151
Convert 542 (base 12) to base 10.
770
Convert 2257 (base 8) to base 10.
1199
What is -134403 (base 5) in base 3?
-21200112
3460 (base 10) to base 2
110110000100
Convert -521 (base 9) to base 8.
-650
-14f (base 16) to base 14
-19d
-1026 (base 11) to base 2
-10101001111
What is -120220 (base 3) in base 13?
-270
Convert 481 (base 10) to base 6.
2121
Convert 128 (base 12) to base 16.
b0
Convert -3917 (base 14) to base 12.
-5969
Convert -590 (base 11) to base 6.
-3132
What is 6 (base 9) in base 2?
110
Convert cde (base 15) to base 7.
11324
-2331121 (base 4) to base 14
-45bb
What is ba3e (base 16) in base 11?
32904
What is 1101303 (base 4) in base 15?
1840
-834 (base 10) to base 3
-1010220
22001221 (base 3) to base 4
1123330
Convert -473 (base 14) to base 12.
-619
997 (base 12) to base 13
847
Convert a1 (base 13) to base 6.
335
Convert a64 (base 16) to base 7.
10520
Convert -6d9 (base 16) to base 4.
-123121
What is -53155 (base 6) in base 7?
-26663
Convert -355 (base 6) to base 9.
-168
-1969 (base 14) to base 8
-10771
-606 (base 14) to base 3
-1121210
Convert 1038 (base 11) to base 9.
1784
-146631 (base 8) to base 12
-26561
Convert -5d96 (base 16) to base 4.
-11312112
What is 1200310 (base 4) in base 8?
14064
-30330 (base 4) to base 10
-828
Convert 10023033 (base 4) to base 5.
1021403
-588 (base 14) to base 5
-13400
What is -713 (base 9) in base 5?
-4304
What is 1111000010 (base 2) in base 7?
2543
-24213 (base 10) to base 16
-5e95
What is -3053 (base 10) in base 6?
-22045
-1cc (base 16) to base 13
-295
22001 (base 3) to base 7
430
Convert -1214 (base 7) to base 12.
-318
Convert 4817 (base 11) to base 8.
14246
What is -30023 (base 4) in base 12?
-54b
Convert 363 (base 8) to base 13.
159
930 (base 13) to base 15
6e0
What is -9657 (base 15) in base 5?
-2004212
Convert 4019 (base 16) to base 15.
4cde
-110000110110 (base 2) to base 11
-2392
2726 (base 11) to base 13
17c1
Convert -16415 (base 9) to base 6.
-124105
-13310 (base 6) to base 9
-2736
Convert 29740 (base 10) to base 3.
1111210111
Convert -7929 (base 11) to base 14.
-3b37
Convert -1220201 (base 3) to base 13.
-835
What is 14e3 (base 16) in base 12?
3117
What is -41242 (base 6) in base 16?
-157a
Convert -2470 (base 10) to base 9.
-3344
Convert -11110000110 (base 2) to base 9.
-2570
What is 22 (base 9) in base 2?
10100
What is 699 (base 15) in base 12?
a46
Convert 692b (base 13) to base 7.
60655
Convert -391 (base 11) to base 16.
-1c